Dec 03 04:05:58.722 INFO testing json_errors-0.2.1 against master#8940af3cea4a9a9deabcaf843b2f8cad9a83fc61 for beta-1.31-5
Dec 03 04:05:58.722 INFO running `"docker" "create" "-v" "/mnt/big/crater/work/local/target-dirs/beta-1.31-5/worker-3/master#8940af3cea4a9a9deabcaf843b2f8cad9a83fc61:/target:rw,Z" "-v" "/mnt/big/crater/work/local/test-source/worker-3/beta-1.31-5/master#8940af3cea4a9a9deabcaf843b2f8cad9a83fc61:/source:ro,Z" "-v" "/mnt/big/crater/work/local/cargo-home:/cargo-home:ro,Z" "-v" "/mnt/big/crater/work/local/rustup-home:/rustup-home:ro,Z" "-e" "USER_ID=1000" "-e" "SOURCE_DIR=/source" "-e" "USER_ID=1000" "-e" "CMD=cargo +8940af3cea4a9a9deabcaf843b2f8cad9a83fc61-alt build --frozen" "-e" "CARGO_TARGET_DIR=/target" "-e" "CARGO_INCREMENTAL=0" "-e" "RUST_BACKTRACE=full" "-e" "RUSTFLAGS=--cap-lints=warn" "-e" "CARGO_HOME=/cargo-home" "-e" "RUSTUP_HOME=/rustup-home" "-m" "1536M" "--network" "none" "crater"`
Dec 03 04:05:58.915 INFO [stdout] 36f9ac00195756a652e875ca988dab1a0a556b02d3b2252944b995b9f8dc6c1f
Dec 03 04:05:58.917 INFO running `"docker" "start" "-a" "36f9ac00195756a652e875ca988dab1a0a556b02d3b2252944b995b9f8dc6c1f"`
Dec 03 04:05:59.344 INFO [stderr] usermod: no changes
Dec 03 04:05:59.641 INFO [stderr]    Compiling pear_codegen v0.1.2
Dec 03 04:05:59.647 INFO [stderr]    Compiling rocket_codegen v0.4.0-rc.2
Dec 03 04:05:59.647 INFO [stderr]    Compiling rocket v0.4.0-rc.2
Dec 03 04:05:59.667 INFO [stderr]    Compiling syn v0.15.22
Dec 03 04:05:59.684 INFO [stderr]    Compiling inotify v0.6.1
Dec 03 04:05:59.978 INFO [stderr] error: failed to run custom build command for `pear_codegen v0.1.2`
Dec 03 04:05:59.978 INFO [stderr] process didn't exit successfully: `/target/debug/build/pear_codegen-2e75d5d811e26316/build-script-build` (exit code: 101)
Dec 03 04:05:59.978 INFO [stderr] --- stderr
Dec 03 04:05:59.978 INFO [stderr] [1;31mError:[0m [37mPear requires a nightly or dev version of Rust.[0m
Dec 03 04:05:59.978 INFO [stderr] [37mInstalled version is:[0m [33m1.31.0-beta.20 (2018-11-30)[0m. [37mMinimum required:[0m [33m1.31.0-nightly (2018-10-05)[0m.
Dec 03 04:05:59.978 INFO [stderr] thread 'main' panicked at 'Aborting compilation due to incompatible compiler.', /cargo-home/registry/src/github.com-1ecc6299db9ec823/pear_codegen-0.1.2/build.rs:31:13
Dec 03 04:05:59.978 INFO [stderr] stack backtrace:
Dec 03 04:05:59.978 INFO [stderr]    0:     0x558f342cd27f - std::sys::unix::backtrace::tracing::imp::unwind_backtrace::h3a8b83e1922cbdde
Dec 03 04:05:59.978 INFO [stderr]                                at libstd/sys/unix/backtrace/tracing/gcc_s.rs:49
Dec 03 04:05:59.978 INFO [stderr]    1:     0x558f342d8c57 - std::sys_common::backtrace::print::h00d3155a29b4020f
Dec 03 04:05:59.978 INFO [stderr]                                at libstd/sys_common/backtrace.rs:71
Dec 03 04:05:59.978 INFO [stderr]                                at libstd/sys_common/backtrace.rs:59
Dec 03 04:05:59.978 INFO [stderr]    2:     0x558f342d1b1f - std::panicking::default_hook::{{closure}}::hd7465c742e79e1bb
Dec 03 04:05:59.978 INFO [stderr]                                at libstd/panicking.rs:211
Dec 03 04:05:59.978 INFO [stderr]    3:     0x558f342d1884 - std::panicking::default_hook::h9e3966f2aa2a6e12
Dec 03 04:05:59.978 INFO [stderr]                                at libstd/panicking.rs:227
Dec 03 04:05:59.978 INFO [stderr]    4:     0x558f342d214e - std::panicking::rust_panic_with_hook::h587f091ae747d080
Dec 03 04:05:59.978 INFO [stderr]                                at libstd/panicking.rs:476
Dec 03 04:05:59.978 INFO [stderr]    5:     0x558f342a3cb3 - std::panicking::begin_panic::h11cdb12d4a2cbf75
Dec 03 04:05:59.978 INFO [stderr]                                at libstd/panicking.rs:410
Dec 03 04:05:59.978 INFO [stderr]    6:     0x558f342a1d78 - build_script_build::main::he900faea4d6611be
Dec 03 04:05:59.978 INFO [stderr]                                at /cargo-home/registry/src/github.com-1ecc6299db9ec823/pear_codegen-0.1.2/build.rs:31
Dec 03 04:05:59.979 INFO [stderr]    7:     0x558f342a459f - std::rt::lang_start::{{closure}}::h1698bb9fd794c876
Dec 03 04:05:59.979 INFO [stderr]                                at libstd/rt.rs:74
Dec 03 04:05:59.979 INFO [stderr]    8:     0x558f342d1bc2 - std::panicking::try::do_call::h52e7f80ff0fdcc45
Dec 03 04:05:59.979 INFO [stderr]                                at libstd/rt.rs:59
Dec 03 04:05:59.979 INFO [stderr]                                at libstd/panicking.rs:310
Dec 03 04:05:59.979 INFO [stderr]    9:     0x558f342e3c09 - __rust_maybe_catch_panic
Dec 03 04:05:59.979 INFO [stderr]                                at libpanic_unwind/lib.rs:102
Dec 03 04:05:59.979 INFO [stderr]   10:     0x558f342c18da - std::rt::lang_start_internal::h38cae898de7f805c
Dec 03 04:05:59.979 INFO [stderr]                                at libstd/panicking.rs:289
Dec 03 04:05:59.979 INFO [stderr]                                at libstd/panic.rs:392
Dec 03 04:05:59.979 INFO [stderr]                                at libstd/rt.rs:58
Dec 03 04:05:59.979 INFO [stderr]   11:     0x558f342a4578 - std::rt::lang_start::h6c3dd336e717f792
Dec 03 04:05:59.979 INFO [stderr]                                at libstd/rt.rs:74
Dec 03 04:05:59.979 INFO [stderr]   12:     0x558f342a2c49 - main
Dec 03 04:05:59.979 INFO [stderr]   13:     0x7fe323ebf82f - __libc_start_main
Dec 03 04:05:59.979 INFO [stderr]   14:     0x558f342a1658 - _start
Dec 03 04:05:59.979 INFO [stderr]   15:                0x0 - <unknown>
Dec 03 04:05:59.979 INFO [stderr] 
Dec 03 04:05:59.979 INFO [stderr] warning: build failed, waiting for other jobs to finish...
Dec 03 04:06:00.007 INFO [stderr] error: failed to run custom build command for `rocket_codegen v0.4.0-rc.2`
Dec 03 04:06:00.007 INFO [stderr] process didn't exit successfully: `/target/debug/build/rocket_codegen-19f4059bf00998c5/build-script-build` (exit code: 101)
Dec 03 04:06:00.007 INFO [stderr] --- stderr
Dec 03 04:06:00.007 INFO [stderr] [1;31mError:[0m Rocket requires a nightly or dev version of Rust.
Dec 03 04:06:00.007 INFO [stderr] Installed version is: [33m1.31.0-beta.20 (2018-11-30)[0m. Minimum required: [33m1.32.0-nightly (2018-11-23)[0m.
Dec 03 04:06:00.007 INFO [stderr] [34mSee the getting started guide ([0mhttps://rocket.rs/v0.4/guide/getting-started/[34m) for more information.[0m
Dec 03 04:06:00.007 INFO [stderr] thread 'main' panicked at 'Aborting compilation due to incompatible compiler.', /cargo-home/registry/src/github.com-1ecc6299db9ec823/rocket_codegen-0.4.0-rc.2/build.rs:38:13
Dec 03 04:06:00.007 INFO [stderr] stack backtrace:
Dec 03 04:06:00.007 INFO [stderr]    0:     0x563ae40a8f1f - std::sys::unix::backtrace::tracing::imp::unwind_backtrace::h3a8b83e1922cbdde
Dec 03 04:06:00.007 INFO [stderr]                                at libstd/sys/unix/backtrace/tracing/gcc_s.rs:49
Dec 03 04:06:00.007 INFO [stderr]    1:     0x563ae40b48f7 - std::sys_common::backtrace::print::h00d3155a29b4020f
Dec 03 04:06:00.007 INFO [stderr]                                at libstd/sys_common/backtrace.rs:71
Dec 03 04:06:00.007 INFO [stderr]                                at libstd/sys_common/backtrace.rs:59
Dec 03 04:06:00.007 INFO [stderr]    2:     0x563ae40ad7bf - std::panicking::default_hook::{{closure}}::hd7465c742e79e1bb
Dec 03 04:06:00.007 INFO [stderr]                                at libstd/panicking.rs:211
Dec 03 04:06:00.007 INFO [stderr]    3:     0x563ae40ad524 - std::panicking::default_hook::h9e3966f2aa2a6e12
Dec 03 04:06:00.007 INFO [stderr]                                at libstd/panicking.rs:227
Dec 03 04:06:00.007 INFO [stderr]    4:     0x563ae40addee - std::panicking::rust_panic_with_hook::h587f091ae747d080
Dec 03 04:06:00.007 INFO [stderr]                                at libstd/panicking.rs:476
Dec 03 04:06:00.007 INFO [stderr]    5:     0x563ae40803f3 - std::panicking::begin_panic::h22acc5c794f37cb8
Dec 03 04:06:00.007 INFO [stderr]                                at libstd/panicking.rs:410
Dec 03 04:06:00.007 INFO [stderr]    6:     0x563ae407b2c7 - build_script_build::main::hb6baa9079c6c743d
Dec 03 04:06:00.007 INFO [stderr]                                at /cargo-home/registry/src/github.com-1ecc6299db9ec823/rocket_codegen-0.4.0-rc.2/build.rs:38
Dec 03 04:06:00.007 INFO [stderr]    7:     0x563ae407dbbf - std::rt::lang_start::{{closure}}::heda06bb73a3da6a0
Dec 03 04:06:00.007 INFO [stderr]                                at libstd/rt.rs:74
Dec 03 04:06:00.007 INFO [stderr]    8:     0x563ae40ad862 - std::panicking::try::do_call::h52e7f80ff0fdcc45
Dec 03 04:06:00.007 INFO [stderr]                                at libstd/rt.rs:59
Dec 03 04:06:00.007 INFO [stderr]                                at libstd/panicking.rs:310
Dec 03 04:06:00.007 INFO [stderr]    9:     0x563ae40bf8a9 - __rust_maybe_catch_panic
Dec 03 04:06:00.007 INFO [stderr]                                at libpanic_unwind/lib.rs:102
Dec 03 04:06:00.007 INFO [stderr]   10:     0x563ae409d57a - std::rt::lang_start_internal::h38cae898de7f805c
Dec 03 04:06:00.008 INFO [stderr]                                at libstd/panicking.rs:289
Dec 03 04:06:00.008 INFO [stderr]                                at libstd/panic.rs:392
Dec 03 04:06:00.008 INFO [stderr]                                at libstd/rt.rs:58
Dec 03 04:06:00.008 INFO [stderr]   11:     0x563ae407db98 - std::rt::lang_start::h83084d500a2aa3e0
Dec 03 04:06:00.008 INFO [stderr]                                at libstd/rt.rs:74
Dec 03 04:06:00.008 INFO [stderr]   12:     0x563ae407c0f9 - main
Dec 03 04:06:00.008 INFO [stderr]   13:     0x7ff2a02a282f - __libc_start_main
Dec 03 04:06:00.008 INFO [stderr]   14:     0x563ae407a9b8 - _start
Dec 03 04:06:00.008 INFO [stderr]   15:                0x0 - <unknown>
Dec 03 04:06:00.008 INFO [stderr] 
Dec 03 04:06:00.008 INFO [stderr] warning: build failed, waiting for other jobs to finish...
Dec 03 04:06:00.035 INFO [stderr] error: failed to run custom build command for `rocket v0.4.0-rc.2`
Dec 03 04:06:00.035 INFO [stderr] process didn't exit successfully: `/target/debug/build/rocket-edf337c0bcb7bfb5/build-script-build` (exit code: 101)
Dec 03 04:06:00.035 INFO [stderr] --- stderr
Dec 03 04:06:00.035 INFO [stderr] [1;31mError:[0m Rocket requires a nightly or dev version of Rust.
Dec 03 04:06:00.035 INFO [stderr] Installed version is: [33m1.31.0-beta.20 (2018-11-30)[0m. Minimum required: [33m1.31.0-nightly (2018-10-05)[0m.
Dec 03 04:06:00.035 INFO [stderr] [34mSee the getting started guide ([0mhttps://rocket.rs/v0.4/guide/getting-started/[34m) for more information.[0m
Dec 03 04:06:00.035 INFO [stderr] thread 'main' panicked at 'Aborting compilation due to incompatible compiler.', /cargo-home/registry/src/github.com-1ecc6299db9ec823/rocket-0.4.0-rc.2/build.rs:38:13
Dec 03 04:06:00.035 INFO [stderr] stack backtrace:
Dec 03 04:06:00.035 INFO [stderr]    0:     0x559d2346ef1f - std::sys::unix::backtrace::tracing::imp::unwind_backtrace::h3a8b83e1922cbdde
Dec 03 04:06:00.035 INFO [stderr]                                at libstd/sys/unix/backtrace/tracing/gcc_s.rs:49
Dec 03 04:06:00.035 INFO [stderr]    1:     0x559d2347a8f7 - std::sys_common::backtrace::print::h00d3155a29b4020f
Dec 03 04:06:00.035 INFO [stderr]                                at libstd/sys_common/backtrace.rs:71
Dec 03 04:06:00.035 INFO [stderr]                                at libstd/sys_common/backtrace.rs:59
Dec 03 04:06:00.035 INFO [stderr]    2:     0x559d234737bf - std::panicking::default_hook::{{closure}}::hd7465c742e79e1bb
Dec 03 04:06:00.035 INFO [stderr]                                at libstd/panicking.rs:211
Dec 03 04:06:00.035 INFO [stderr]    3:     0x559d23473524 - std::panicking::default_hook::h9e3966f2aa2a6e12
Dec 03 04:06:00.035 INFO [stderr]                                at libstd/panicking.rs:227
Dec 03 04:06:00.035 INFO [stderr]    4:     0x559d23473dee - std::panicking::rust_panic_with_hook::h587f091ae747d080
Dec 03 04:06:00.035 INFO [stderr]                                at libstd/panicking.rs:476
Dec 03 04:06:00.036 INFO [stderr]    5:     0x559d234463f3 - std::panicking::begin_panic::h35f7ec8f7b45ce77
Dec 03 04:06:00.036 INFO [stderr]                                at libstd/panicking.rs:410
Dec 03 04:06:00.036 INFO [stderr]    6:     0x559d234412c7 - build_script_build::main::heec4181cd7707ffc
Dec 03 04:06:00.036 INFO [stderr]                                at /cargo-home/registry/src/github.com-1ecc6299db9ec823/rocket-0.4.0-rc.2/build.rs:38
Dec 03 04:06:00.036 INFO [stderr]    7:     0x559d23443ddf - std::rt::lang_start::{{closure}}::hf1a84fd0e6e19c8e
Dec 03 04:06:00.036 INFO [stderr]                                at libstd/rt.rs:74
Dec 03 04:06:00.036 INFO [stderr]    8:     0x559d23473862 - std::panicking::try::do_call::h52e7f80ff0fdcc45
Dec 03 04:06:00.036 INFO [stderr]                                at libstd/rt.rs:59
Dec 03 04:06:00.036 INFO [stderr]                                at libstd/panicking.rs:310
Dec 03 04:06:00.036 INFO [stderr]    9:     0x559d234858a9 - __rust_maybe_catch_panic
Dec 03 04:06:00.036 INFO [stderr]                                at libpanic_unwind/lib.rs:102
Dec 03 04:06:00.036 INFO [stderr]   10:     0x559d2346357a - std::rt::lang_start_internal::h38cae898de7f805c
Dec 03 04:06:00.036 INFO [stderr]                                at libstd/panicking.rs:289
Dec 03 04:06:00.036 INFO [stderr]                                at libstd/panic.rs:392
Dec 03 04:06:00.036 INFO [stderr]                                at libstd/rt.rs:58
Dec 03 04:06:00.036 INFO [stderr]   11:     0x559d23443db8 - std::rt::lang_start::h64e6264b040d833c
Dec 03 04:06:00.036 INFO [stderr]                                at libstd/rt.rs:74
Dec 03 04:06:00.036 INFO [stderr]   12:     0x559d234420f9 - main
Dec 03 04:06:00.036 INFO [stderr]   13:     0x7f68b288182f - __libc_start_main
Dec 03 04:06:00.036 INFO [stderr]   14:     0x559d234409b8 - _start
Dec 03 04:06:00.036 INFO [stderr]   15:                0x0 - <unknown>
Dec 03 04:06:00.036 INFO [stderr] 
Dec 03 04:06:00.036 INFO [stderr] warning: build failed, waiting for other jobs to finish...
Dec 03 04:06:19.012 INFO [stderr] error: build failed
Dec 03 04:06:19.014 INFO [stderr] su: No module specific data is present
Dec 03 04:06:19.363 INFO running `"docker" "inspect" "36f9ac00195756a652e875ca988dab1a0a556b02d3b2252944b995b9f8dc6c1f"`
Dec 03 04:06:19.483 INFO running `"docker" "rm" "-f" "36f9ac00195756a652e875ca988dab1a0a556b02d3b2252944b995b9f8dc6c1f"`
Dec 03 04:06:19.657 INFO [stdout] 36f9ac00195756a652e875ca988dab1a0a556b02d3b2252944b995b9f8dc6c1f
